ded by 278?
5
Calculate the remainder when 757 is divided by 65.
42
Calculate the remainder when 885 is divided by 12.
9
What is the remainder when 255 is divided by 7?
3
Calculate the remainder when 410 is divided by 406.
4
Calculate the remainder when 105 is divided by 29.
18
What is the remainder when 1165 is divided by 84?
73
Calculate the remainder when 205 is divided by 204.
1
What is the remainder when 454 is divided by 117?
103
Calculate the remainder when 5124 is divided by 125.
124
Calculate the remainder when 867 is divided by 62.
61
What is the remainder when 113 is divided by 43?
27
What is the remainder when 117 is divided by 10?
7
What is the remainder when 941 is divided by 336?
269
Calculate the remainder when 598 is divided by 60.
58
What is the remainder when 315 is divided by 16?
11
Calculate the remainder when 2130 is divided by 302.
16
What is the remainder when 11606 is divided by 135?
131
Calculate the remainder when 3001 is divided by 143.
141
Calculate the remainder when 2758 is divided by 10.
8
What is the remainder when 417 is divided by 214?
203
Calculate the remainder when 771 is divided by 129.
126
Calculate the remainder when 73 is divided by 22.
7
What is the remainder when 4740 is divided by 11?
10
Calculate the remainder when 276 is divided by 31.
28
What is the remainder when 1732 is divided by 56?
52
Calculate the remainder when 431 is divided by 29.
25
Calculate the remainder when 929 is divided by 233.
230
Calculate the remainder when 850 is divided by 34.
0
Calculate the remainder when 554 is divided by 113.
102
Calculate the remainder when 540 is divided by 265.
10
Calculate the remainder when 111 is divided by 62.
49
Calculate the remainder when 126 is divided by 66.
60
What is the remainder when 80 is divided by 63?
17
Calculate the remainder when 40 is divided by 16.
8
What is the remainder when 139 is divided by 51?
37
What is the remainder when 78 is divided by 20?
18
Calculate the remainder when 504 is divided by 67.
35
Calculate the remainder when 333 is divided by 6.
3
Calculate the remainder when 140 is divided by 12.
8
What is the remainder when 478 is divided by 37?
34
What is the remainder when 42 is divided by 27?
15
Calculate the remainder when 138 is divided by 20.
18
What is the remainder when 1138 is divided by 186?
22
What is the remainder when 944 is divided by 11?
9
What is the remainder when 51 is divided by 10?
1
Calculate the remainder when 2765 is divided by 1375.
15
What is the remainder when 182 is divided by 43?
10
What is the remainder when 8 is divided by 2?
0
What is the remainder when 791 is divided by 22?
21
What is the remainder when 132 is divided by 27?
24
Calculate the remainder when 1390 is divided by 12.
10
Calculate the remainder when 38 is divided by 32.
6
Calculate the remainder when 376 is divided by 59.
22
What is the remainder when 1999 is divided by 80?
79
What is the remainder when 893 is divided by 879?
14
What is the remainder when 131 is divided by 28?
19
Calculate the remainder when 2349 is divided by 157.
151
Calculate the remainder when 68 is divided by 5.
3
Calculate the remainder when 376 is divided by 84.
40
What is the remainder when 380 is divided by 51?
23
Calculate the remainder when 236 is divided by 20.
16
What is the remainder when 150 is divided by 33?
18
What is the remainder when 1479 is divided by 369?
3
Calculate the remainder when 500 is divided by 61.
12
Calculate the remainder when 137 is divided by 35.
32
What is the remainder when 24 is divided by 24?
0
Calculate the remainder when 59 is divided by 51.
8
Calculate the remainder when 179 is divided by 13.
10
Calculate the remainder when 717 is divided by 16.
13
Calculate the remainder when 1304 is divided by 637.
30
What is the remainder when 722 is divided by 92?
78
Calculate the remainder when 726 is divided by 72.
6
What is the remainder when 545 is divided by 10?
5
What is the remainder when 743 is divided by 12?
11
What is the remainder when 433 is divided by 7?
6
Calculate the remainder when 91 is divided by 16.
11
Calculate the remainder when 6924 is divided by 692.
4
Calculate the remainder when 325 is divided by 9.
1
What is the remainder when 794 is divided by 64?
26
Calculate the remainder when 154 is divided by 50.
4
What is the remainder when 11117 is divided by 80?
77
What is the remainder when 98 is divided by 67?
31
Calculate the remainder when 283 is divided by 127.
29
Calculate the remainder when 328 is divided by 10.
8
What is the remainder when 26 is divided by 7?
5
What is the remainder when 147 is divided by 19?
14
Calculate the remainder when 244 is divided by 44.
24
Calculate the remainder when 155 is divided by 58.
39
Calculate the remainder when 1827 is divided by 66.
45
Calculate the remainder when 3908 is divided by 89.
81
Calculate the remainder when 3053 is divided by 10.
3
Calculate the remainder when 260 is divided by 19.
13
What is the remainder when 195 is divided by 49?
48
What is the remainder when 74 is divided by 13?
9
Calculate the remainder when 1576 is divided by 517.
25
Calculate the remainder when 98 is divided by 18.
8
What is the remainder when 42083 is divided by 95?
93
What is the remainder when 135 is divided by 33?
3
What is the remainder when 230 is divided by 8?
6
Calculate the remainder when 584 is divided by 292.
0
What is the remainder when 1129 is divided by 189?
184
What is the remainder when 551 is divided by 42?
5
Calculate the remainder when 1184 is divided by 29.
24
What is the remainder when 161 is divided by 44?
29
What is the remainder when 149 is divided by 143?
6
Calculate the remainder when 1856 is divided by 60.
56
What is the remainder when 179 is divided by 21?
11
What is the remainder when 45 is divided by 20?
5
Calculate the remainder when 556 is divided by 31.
29
Calculate the remainder when 275 is divided by 263.
12
What is the remainder when 133 is divided by 67?
66
Calculate the remainder when 14324 is divided by 247.
245
Calculate the remainder when 1161 is divided by 374.
39
What is the remainder when 702 is divided by 90?
72
Calculate the remainder when 212 is divided by 10.
2
What is the remainder when 165 is divided by 9?
3
Calculate the remainder when 23 is divided by 10.
3
What is the remainder when 6255 is divided by 18?
9
Calculate the remainder when 231 is divided by 17.
10
What is the remainder when 9077 is divided by 20?
17
What is the remainder when 2434 is divided by 7?
5
What is the remainder when 397 is divided by 16?
13
What is the remainder when 4538 is divided by 73?
12
Calculate the remainder when 2605 is divided by 9.
4
What is the remainder when 250 is divided by 16?
10
What is the remainder when 329 is divided by 88?
65
What is the remainder when 7936 is divided by 162?
160
What is the remainder when 51 is divided by 27?
24
What is the remainder when 552 is divided by 321?
231
Calculate the remainder when 193 is divided by 79.
35
What is the remainder when 422 is divided by 27?
17
Calculate the remainder when 14129 is divided by 10.
9
Calculate the remainder when 146 is divided by 21.
20
What is the remainder when 229 is divided by 53?
17
What is the remainder when 1685 is divided by 211?
208
Calculate the remainder when 154 is divided by 18.
10
Calculate the remainder when 3593 is divided by 109.
105
Calculate the remainder when 1510 is divided by 213.
19
Calculate the remainder when 195 is divided by 33.
30
What is the remainder when 5049 is divided by 13?
5
Calculate the remainder when 114 is divided by 60.
54
Calculate the remainder when 68 is divided by 7.
5
Calculate the remainder when 1398 is divided by 100.
98
Calculate the remainder when 69 is divided by 3.
0
Calculate the remainder when 223 is divided by 161.
62
Calculate the remainder when 9523 is divided by 75.
73
What is the remainder when 321 is divided by 19?
17
Calculate the remainder when 333 is divided by 23.
11
Calculate the remainder when 38 is divided by 14.
10
What is the remainder when 87 is divided by 44?
43
Calculate the remainder when 838 is divided by 29.
26
What is the remainder when 3361 is divided by 59?
57
Calculate the remainder when 165 is divided by 46.
27
What is the remainder when 17618 is divided